{"id":240,"date":"2018-10-08T11:48:34","date_gmt":"2018-10-08T11:48:34","guid":{"rendered":"http:\/\/coj.powiat-mielecki.pl\/?page_id=240"},"modified":"2022-06-03T23:54:46","modified_gmt":"2022-06-03T23:54:46","slug":"jakie-jednostki-obslugujemy","status":"publish","type":"page","link":"https:\/\/coj.powiat-mielecki.pl\/?page_id=240","title":{"rendered":"Jakie jednostki obs\u0142ugujemy?"},"content":{"rendered":"<p><strong>Powiatowy Zarz\u0105d Dr\u00f3g w Mielcu<\/strong><br \/>\nul. Korczaka 6a, 39-300 Mielec<br \/>\nTelefon: 17 583 75 21 &#8211; centrala i fax<br \/>\ne-mail:\u00a0<a href=\"mailto:sekretariat@pzd.mielec.pl\">sekretariat@pzd.mielec.pl<\/a><br \/>\n<a href=\"http:\/\/pzd.mielec.pl\/\">http:\/\/pzd.mielec.pl\/<\/a><\/p>\n<p><strong>Zesp\u00f3\u0142 Szk\u00f3\u0142 Budowlanych<\/strong><br \/>\nMielec, ul. Jagiello\u0144czyka 3<br \/>\ntel. (0-17) 788 52 89<br \/>\nmail:\u00a0<a href=\"mailto:zsbmlc1@wp.pl\">zsbmlc1@wp.pl<\/a><br \/>\n<a href=\"http:\/\/zsbmielec.pl\/joomla\/\">http:\/\/zsbmielec.pl\/joomla\/<\/a><\/p>\n<p><strong>Zesp\u00f3\u0142 Szk\u00f3\u0142 Ekonomicznych<\/strong><br \/>\nMielec, ul. Warszawska 1<br \/>\ntel. (0-17) 773 15 80<br \/>\nmail:\u00a0<a href=\"mailto:zsemlc@poczta.onet.pl\">zsemlc@poczta.onet.pl<\/a><br \/>\n<a href=\"http:\/\/www.ekonomik.mielec.pl\/\">http:\/\/www.ekonomik.mielec.pl\/<\/a><\/p>\n<p><strong>Zesp\u00f3\u0142 Szk\u00f3\u0142 Technicznych<\/strong><br \/>\nMielec, ul. Jagiello\u0144czyka 3<br \/>\ntel. (0-17) 788 13 10<br \/>\nmail:\u00a0<a href=\"mailto:zst@zstmielec.pl\">zst@zstmielec.pl<\/a><br \/>\n<a href=\"http:\/\/www.zstmielec.pl\/\">http:\/\/www.zstmielec.pl\/<\/a><\/p>\n<p><strong>Zesp\u00f3\u0142 Szk\u00f3\u0142 w Mielcu<\/strong><br \/>\nMielec, ul. Kili\u0144skiego 24<br \/>\ntel. (0-17) 788 88 50<br \/>\nmail:\u00a0<a href=\"mailto:zs-mielec@wp.pl\">zs-mielec@wp.pl<\/a><br \/>\n<a href=\"http:\/\/www.zs.mielec.pl\/zs\/index.php\">http:\/\/www.zs.mielec.pl\/zs\/index.php<\/a><\/p>\n<p><strong>Powiatowy Zesp\u00f3\u0142 Plac\u00f3wek Szkolno-Wychowawczych w Mielcu<\/strong><br \/>\nMielec, ul. Kr\u00f3lowej Jadwigi 1<br \/>\ntel. (0-17) 586 29 16<br \/>\nmail:\u00a0<a href=\"mailto:soswmielec@poczta.fm\">soswmielec@poczta.fm<\/a><br \/>\n<a href=\"http:\/\/soswmielec.szkolnastrona.pl\/\">http:\/\/soswmielec.szkolnastrona.pl\/<\/a><\/p>\n<p><strong>I Liceum Og\u00f3lnokszta\u0142cace<\/strong><br \/>\nMielec, ul. J\u0119drusi\u00f3w 1<br \/>\ntel. (0-17) 773 15 77<br \/>\nmail:\u00a0<a href=\"mailto:konarski.mielec@op.pl\">konarski.mielec@op.pl<\/a><br \/>\n<a href=\"http:\/\/konarski.home.pl\/\">http:\/\/konarski.home.pl\/<\/a><\/p>\n<p><strong>II Liceum Og\u00f3lnokszta\u0142c\u0105ce<\/strong><br \/>\nMielec, ul. \u017beromskiego 28<br \/>\ntel. (0-17) 788 51 68, 788 51 69<br \/>\nmail:\u00a0<a href=\"mailto:kopernik@powiat.mielec.pl\">kopernik@powiat.mielec.pl<\/a><br \/>\n<a href=\"http:\/\/n.kopernik.mielec.pl\/\">http:\/\/n.kopernik.mielec.pl\/<\/a><\/p>\n<p><strong>Specjalistyczna Poradnia Psychologiczno-Pedagogiczna<\/strong><br \/>\nMielec, ul. S\u0119kowskiego 2b<br \/>\ntel. (0-17) 788 49 88<br \/>\nmail:\u00a0<a href=\"mailto:pppmielec@poczta.onet.pl\">pppmielec@poczta.onet.pl<\/a><br \/>\n<a href=\"http:\/\/www.poradniamielec.pl\/\">http:\/\/www.poradniamielec.pl\/<\/a><\/p>\n<p><strong>Centrum Kszta\u0142cenia Praktycznego i Doskonalenia Nauczycieli<\/strong><br \/>\nMielec, ul. Wojska Polskiego 2b (obok Urz\u0119du Celnego)<br \/>\ntel. (0-17) 788 51 94<br \/>\nmail:\u00a0<a href=\"mailto:ckp@ckp.edu.pl\">ckp@ckp.edu.pl<\/a><br \/>\n<a href=\"http:\/\/www.ckp.edu.pl\/\">http:\/\/www.ckp.edu.pl\/<\/a><\/p>\n<p><strong>Centrum Obs\u0142ugi Jednostek Powiatu Mieleckiego<\/strong><br \/>\nMielec, ul. Wyspia\u0144skiego 6<br \/>\ntel. (0-17) 8886361<br \/>\nmail:\u00a0<a href=\"mailto:kancelaria@coj.powiat-mielecki.pl\">kancelaria@coj.powiat-mielecki.pl<\/a><br \/>\n<a href=\"http:\/\/www.coj.powiat-mielecki.pl\">www.coj.powiat-mielecki.pl<\/a><\/p>\n","protected":false},"excerpt":{"rendered":"<p>Powiatowy Zarz\u0105d Dr\u00f3g w Mielcu ul. Korczaka 6a, 39-300 Mielec Telefon: 17 583 75 21 &#8211; centrala i fax e-mail:\u00a0sekretariat@pzd.mielec.pl http:\/\/pzd.mielec.pl\/ Zesp\u00f3\u0142 Szk\u00f3\u0142 Budowlanych Mielec, ul. Jagiello\u0144czyka 3 tel. (0-17) 788 52 89 mail:\u00a0zsbmlc1@wp.pl http:\/\/zsbmielec.pl\/joomla\/ Zesp\u00f3\u0142 Szk\u00f3\u0142 Ekonomicznych Mielec, ul. Warszawska 1 tel. (0-17) 773 15 80 mail:\u00a0zsemlc@poczta.onet.pl http:\/\/www.ekonomik.mielec.pl\/ Zesp\u00f3\u0142 Szk\u00f3\u0142 Technicznych Mielec, ul. Jagiello\u0144czyka &hellip; <\/p>\n<p class=\"link-more\"><a href=\"https:\/\/coj.powiat-mielecki.pl\/?page_id=240\" class=\"more-link\">Czytaj dalej<span class=\"screen-reader-text\"> Jakie jednostki obs\u0142ugujemy?<\/span><\/a><\/p>\n","protected":false},"author":1,"featured_media":0,"parent":0,"menu_order":0,"comment_status":"closed","ping_status":"closed","template":"","meta":{"footnotes":""},"class_list":["post-240","page","type-page","status-publish","hentry"],"_links":{"self":[{"href":"https:\/\/coj.powiat-mielecki.pl\/index.php?rest_route=\/wp\/v2\/pages\/240","targetHints":{"allow":["GET"]}}],"collection":[{"href":"https:\/\/coj.powiat-mielecki.pl\/index.php?rest_route=\/wp\/v2\/pages"}],"about":[{"href":"https:\/\/coj.powiat-mielecki.pl\/index.php?rest_route=\/wp\/v2\/types\/page"}],"author":[{"embeddable":true,"href":"https:\/\/coj.powiat-mielecki.pl\/index.php?rest_route=\/wp\/v2\/users\/1"}],"replies":[{"embeddable":true,"href":"https:\/\/coj.powiat-mielecki.pl\/index.php?rest_route=%2Fwp%2Fv2%2Fcomments&post=240"}],"version-history":[{"count":12,"href":"https:\/\/coj.powiat-mielecki.pl\/index.php?rest_route=\/wp\/v2\/pages\/240\/revisions"}],"predecessor-version":[{"id":575,"href":"https:\/\/coj.powiat-mielecki.pl\/index.php?rest_route=\/wp\/v2\/pages\/240\/revisions\/575"}],"wp:attachment":[{"href":"https:\/\/coj.powiat-mielecki.pl\/index.php?rest_route=%2Fwp%2Fv2%2Fmedia&parent=240"}],"curies":[{"name":"wp","href":"https:\/\/api.w.org\/{rel}","templated":true}]}}